{"id":22,"date":"2026-02-21T15:37:32","date_gmt":"2026-02-21T15:37:32","guid":{"rendered":"https:\/\/www.szabiktapicergorzow.pl\/?page_id=22"},"modified":"2026-04-08T14:01:56","modified_gmt":"2026-04-08T14:01:56","slug":"budowa-lozka","status":"publish","type":"page","link":"https:\/\/www.szabiktapicergorzow.pl\/","title":{"rendered":"Budowa \u0142\u00f3\u017cka"},"content":{"rendered":"\n<div class=\"wp-block-columns is-layout-flex wp-container-core-columns-is-layout-28f84493 wp-block-columns-is-layout-flex\">\n<div class=\"wp-block-column is-layout-flow wp-block-column-is-layout-flow\" style=\"flex-basis:100%\">\n<div class=\"wp-block-group is-vertical is-content-justification-center is-layout-flex wp-container-core-group-is-layout-ce155fab wp-block-group-is-layout-flex\">\n<figure class=\"wp-block-image size-large wp-container-content-72558541\"><img loading=\"lazy\" decoding=\"async\" width=\"1024\" height=\"461\" src=\"https:\/\/www.szabiktapicergorzow.pl\/wp-content\/uploads\/2026\/02\/IMG_20260206_090200-1024x461.jpg\" alt=\"\" class=\"wp-image-25\" srcset=\"https:\/\/www.szabiktapicergorzow.pl\/wp-content\/uploads\/2026\/02\/IMG_20260206_090200-1024x461.jpg 1024w, https:\/\/www.szabiktapicergorzow.pl\/wp-content\/uploads\/2026\/02\/IMG_20260206_090200-300x135.jpg 300w, https:\/\/www.szabiktapicergorzow.pl\/wp-content\/uploads\/2026\/02\/IMG_20260206_090200-768x346.jpg 768w, https:\/\/www.szabiktapicergorzow.pl\/wp-content\/uploads\/2026\/02\/IMG_20260206_090200-1536x691.jpg 1536w, https:\/\/www.szabiktapicergorzow.pl\/wp-content\/uploads\/2026\/02\/IMG_20260206_090200-2048x922.jpg 2048w\" sizes=\"auto, (max-width: 1024px) 100vw, 1024px\" \/><\/figure>\n\n\n\n<figure class=\"wp-block-gallery has-nested-images columns-default is-cropped wp-block-gallery-1 is-layout-flex wp-block-gallery-is-layout-flex\">\n<figure class=\"wp-block-image size-large\"><img loading=\"lazy\" decoding=\"async\" width=\"461\" height=\"1024\" data-id=\"26\" src=\"https:\/\/www.szabiktapicergorzow.pl\/wp-content\/uploads\/2026\/02\/IMG_20260206_090306-461x1024.jpg\" alt=\"\" class=\"wp-image-26\" srcset=\"https:\/\/www.szabiktapicergorzow.pl\/wp-content\/uploads\/2026\/02\/IMG_20260206_090306-461x1024.jpg 461w, https:\/\/www.szabiktapicergorzow.pl\/wp-content\/uploads\/2026\/02\/IMG_20260206_090306-135x300.jpg 135w, https:\/\/www.szabiktapicergorzow.pl\/wp-content\/uploads\/2026\/02\/IMG_20260206_090306-768x1707.jpg 768w, https:\/\/www.szabiktapicergorzow.pl\/wp-content\/uploads\/2026\/02\/IMG_20260206_090306-691x1536.jpg 691w, https:\/\/www.szabiktapicergorzow.pl\/wp-content\/uploads\/2026\/02\/IMG_20260206_090306-922x2048.jpg 922w, https:\/\/www.szabiktapicergorzow.pl\/wp-content\/uploads\/2026\/02\/IMG_20260206_090306-scaled.jpg 1152w\" sizes=\"auto, (max-width: 461px) 100vw, 461px\" \/><\/figure>\n<\/figure>\n\n\n\n<figure class=\"wp-block-image size-full is-resized is-style-default wp-container-content-516f2167\"><img loading=\"lazy\" decoding=\"async\" width=\"2560\" height=\"1152\" src=\"https:\/\/www.szabiktapicergorzow.pl\/wp-content\/uploads\/2026\/02\/IMG_20260206_090104-scaled.jpg\" alt=\"\" class=\"wp-image-23\" style=\"width:1091px;height:auto\" srcset=\"https:\/\/www.szabiktapicergorzow.pl\/wp-content\/uploads\/2026\/02\/IMG_20260206_090104-scaled.jpg 2560w, https:\/\/www.szabiktapicergorzow.pl\/wp-content\/uploads\/2026\/02\/IMG_20260206_090104-300x135.jpg 300w, https:\/\/www.szabiktapicergorzow.pl\/wp-content\/uploads\/2026\/02\/IMG_20260206_090104-1024x461.jpg 1024w, https:\/\/www.szabiktapicergorzow.pl\/wp-content\/uploads\/2026\/02\/IMG_20260206_090104-768x346.jpg 768w, https:\/\/www.szabiktapicergorzow.pl\/wp-content\/uploads\/2026\/02\/IMG_20260206_090104-1536x691.jpg 1536w, https:\/\/www.szabiktapicergorzow.pl\/wp-content\/uploads\/2026\/02\/IMG_20260206_090104-2048x922.jpg 2048w\" sizes=\"auto, (max-width: 2560px) 100vw, 2560px\" \/><\/figure>\n<\/div>\n<\/div>\n<\/div>\n\n\n\n<div class=\"wp-block-columns is-layout-flex wp-container-core-columns-is-layout-28f84493 wp-block-columns-is-layout-flex\">\n<div class=\"wp-block-column is-layout-flow wp-block-column-is-layout-flow\" style=\"flex-basis:100%\">\n<div class=\"wp-block-group is-vertical is-content-justification-center is-layout-flex wp-container-core-group-is-layout-ce155fab wp-block-group-is-layout-flex\">\n<figure class=\"wp-block-image size-large\"><img loading=\"lazy\" decoding=\"async\" width=\"461\" height=\"1024\" src=\"https:\/\/www.szabiktapicergorzow.pl\/wp-content\/uploads\/2026\/02\/IMG_20260206_090132-461x1024.jpg\" alt=\"\" class=\"wp-image-24\" srcset=\"https:\/\/www.szabiktapicergorzow.pl\/wp-content\/uploads\/2026\/02\/IMG_20260206_090132-461x1024.jpg 461w, https:\/\/www.szabiktapicergorzow.pl\/wp-content\/uploads\/2026\/02\/IMG_20260206_090132-135x300.jpg 135w, https:\/\/www.szabiktapicergorzow.pl\/wp-content\/uploads\/2026\/02\/IMG_20260206_090132-768x1707.jpg 768w, https:\/\/www.szabiktapicergorzow.pl\/wp-content\/uploads\/2026\/02\/IMG_20260206_090132-691x1536.jpg 691w, https:\/\/www.szabiktapicergorzow.pl\/wp-content\/uploads\/2026\/02\/IMG_20260206_090132-922x2048.jpg 922w, https:\/\/www.szabiktapicergorzow.pl\/wp-content\/uploads\/2026\/02\/IMG_20260206_090132-scaled.jpg 1152w\" sizes=\"auto, (max-width: 461px) 100vw, 461px\" \/><\/figure>\n\n\n\n<figure class=\"wp-block-image size-large\"><img loading=\"lazy\" decoding=\"async\" width=\"461\" height=\"1024\" src=\"https:\/\/www.szabiktapicergorzow.pl\/wp-content\/uploads\/2026\/02\/IMG_20260206_090238-461x1024.jpg\" alt=\"\" class=\"wp-image-27\" srcset=\"https:\/\/www.szabiktapicergorzow.pl\/wp-content\/uploads\/2026\/02\/IMG_20260206_090238-461x1024.jpg 461w, https:\/\/www.szabiktapicergorzow.pl\/wp-content\/uploads\/2026\/02\/IMG_20260206_090238-135x300.jpg 135w, https:\/\/www.szabiktapicergorzow.pl\/wp-content\/uploads\/2026\/02\/IMG_20260206_090238-768x1707.jpg 768w, https:\/\/www.szabiktapicergorzow.pl\/wp-content\/uploads\/2026\/02\/IMG_20260206_090238-691x1536.jpg 691w, https:\/\/www.szabiktapicergorzow.pl\/wp-content\/uploads\/2026\/02\/IMG_20260206_090238-922x2048.jpg 922w, https:\/\/www.szabiktapicergorzow.pl\/wp-content\/uploads\/2026\/02\/IMG_20260206_090238-scaled.jpg 1152w\" sizes=\"auto, (max-width: 461px) 100vw, 461px\" \/><\/figure>\n<\/div>\n<\/div>\n<\/div>\n\n\n\n<p>Budowa \u0142\u00f3\u017cka<\/p>\n","protected":false},"excerpt":{"rendered":"<p>Budowa \u0142\u00f3\u017cka<\/p>\n","protected":false},"author":1,"featured_media":0,"parent":0,"menu_order":0,"comment_status":"closed","ping_status":"closed","template":"","meta":{"footnotes":""},"class_list":["post-22","page","type-page","status-publish","hentry"],"_links":{"self":[{"href":"https:\/\/www.szabiktapicergorzow.pl\/index.php\/wp-json\/wp\/v2\/pages\/22","targetHints":{"allow":["GET"]}}],"collection":[{"href":"https:\/\/www.szabiktapicergorzow.pl\/index.php\/wp-json\/wp\/v2\/pages"}],"about":[{"href":"https:\/\/www.szabiktapicergorzow.pl\/index.php\/wp-json\/wp\/v2\/types\/page"}],"author":[{"embeddable":true,"href":"https:\/\/www.szabiktapicergorzow.pl\/index.php\/wp-json\/wp\/v2\/users\/1"}],"replies":[{"embeddable":true,"href":"https:\/\/www.szabiktapicergorzow.pl\/index.php\/wp-json\/wp\/v2\/comments?post=22"}],"version-history":[{"count":2,"href":"https:\/\/www.szabiktapicergorzow.pl\/index.php\/wp-json\/wp\/v2\/pages\/22\/revisions"}],"predecessor-version":[{"id":29,"href":"https:\/\/www.szabiktapicergorzow.pl\/index.php\/wp-json\/wp\/v2\/pages\/22\/revisions\/29"}],"wp:attachment":[{"href":"https:\/\/www.szabiktapicergorzow.pl\/index.php\/wp-json\/wp\/v2\/media?parent=22"}],"curies":[{"name":"wp","href":"https:\/\/api.w.org\/{rel}","templated":true}]}}